{"id":1361,"date":"2017-12-06T16:46:52","date_gmt":"2017-12-06T22:46:52","guid":{"rendered":"http:\/\/azor.com.co\/?post_type=product&#038;p=1361"},"modified":"2020-05-09T14:14:38","modified_gmt":"2020-05-09T20:14:38","slug":"protector-guarda-uso-rudo","status":"publish","type":"product","link":"https:\/\/azor.com.co\/index.php\/producto\/protector-guarda-uso-rudo\/","title":{"rendered":"Protector Guarda Uso Rudo"},"content":{"rendered":"<ul>\n<li class=\"p1\">Protectores cristalinos fabricados con polipropileno (material reciclable).<\/li>\n<li class=\"p1\">Tira de polipropileno reforzada y con perforaci\u00f3n lateral para guardar en carpetas.<\/li>\n<li class=\"p1\">M\u00e1s amplios para mayor capacidad.<\/li>\n<li class=\"p1\">Superficie antiadherente que evita que los documentos se peguen.<\/li>\n<li class=\"p1\">No levantan la impresi\u00f3n y f\u00e1cil inserci\u00f3n de las hojas.<\/li>\n<li>Tama\u00f1o carta.<\/li>\n<li class=\"p1\">Ideal para guardar revistas, cat\u00e1logos, etc.<\/li>\n<\/ul>\n","protected":false},"excerpt":{"rendered":"<p style=\"text-align: center;\"><img loading=\"lazy\" decoding=\"async\" class=\"aligncenter wp-image-2817 size-full\" src=\"http:\/\/azor.com.co\/wp-content\/uploads\/2017\/12\/kinera_protector_guarda_uso_rudo_339_logotipo-1.jpg\" alt=\"\" width=\"400\" height=\"113\" srcset=\"https:\/\/azor.com.co\/wp-content\/uploads\/2017\/12\/kinera_protector_guarda_uso_rudo_339_logotipo-1.jpg 400w, https:\/\/azor.com.co\/wp-content\/uploads\/2017\/12\/kinera_protector_guarda_uso_rudo_339_logotipo-1-300x85.jpg 300w\" sizes=\"auto, (max-width: 400px) 100vw, 400px\" \/><\/p>\r\n<p style=\"text-align: center;\"><img loading=\"lazy\" decoding=\"async\" class=\"alignnone size-full wp-image-1363\" src=\"http:\/\/azor.com.co\/wp-content\/uploads\/2017\/12\/kinera_protector_guarda_uso_rudo_339_especificaciones.jpg\" alt=\"\" width=\"266\" height=\"254\" \/><\/p>","protected":false},"featured_media":2818,"template":"","meta":{"generate_page_header":"","spay_email":"","jetpack_publicize_message":""},"class_list":["post-1361","product","type-product","status-publish","has-post-thumbnail","hentry","product_cat-linea-kinera","product_cat-protectores-de-hojas","","woocommerce-text-align-center","woocommerce-image-align-center","wc-has-gallery"],"jetpack_publicize_connections":[],"yoast_head":"<!-- This site is optimized with the Yoast SEO plugin v14.9 - https:\/\/yoast.com\/wordpress\/plugins\/seo\/ -->\n<title>Protector Guarda Uso Rudo - Azor<\/title>\n<meta name=\"description\" content=\"Protector Guarda Kinera de Azor, reciclables, de uso rudo, con perforaciones para guardar en carpetas, 100% mexicanos, f\u00e1cil inserci\u00f3n de hojas, no da\u00f1an\" \/>\n<meta name=\"robots\" content=\"index, follow, max-snippet:-1, max-image-preview:large, max-video-preview:-1\" \/>\n<link rel=\"canonical\" href=\"http:\/\/azor.com.co\/index.php\/producto\/protector-guarda-uso-rudo\/\" \/>\n<meta property=\"og:locale\" content=\"es_ES\" \/>\n<meta property=\"og:type\" content=\"article\" \/>\n<meta property=\"og:title\" content=\"Protector Guarda Uso Rudo - Azor\" \/>\n<meta property=\"og:description\" content=\"Protector Guarda Kinera de Azor, reciclables, de uso rudo, con perforaciones para guardar en carpetas, 100% mexicanos, f\u00e1cil inserci\u00f3n de hojas, no da\u00f1an\" \/>\n<meta property=\"og:url\" content=\"http:\/\/azor.com.co\/index.php\/producto\/protector-guarda-uso-rudo\/\" \/>\n<meta property=\"og:site_name\" content=\"Azor\" \/>\n<meta property=\"article:modified_time\" content=\"2020-05-09T20:14:38+00:00\" \/>\n<meta property=\"og:image\" content=\"https:\/\/azor.com.co\/wp-content\/uploads\/2017\/12\/kinera_protector_guarda_uso_rudo_339_1-1.jpg\" \/>\n\t<meta property=\"og:image:width\" content=\"591\" \/>\n\t<meta property=\"og:image:height\" content=\"591\" \/>\n<meta name=\"twitter:card\" content=\"summary\" \/>\n<script type=\"application\/ld+json\" class=\"yoast-schema-graph\">{\"@context\":\"https:\/\/schema.org\",\"@graph\":[{\"@type\":\"WebSite\",\"@id\":\"https:\/\/azor.com.co\/#website\",\"url\":\"https:\/\/azor.com.co\/\",\"name\":\"Azor\",\"description\":\"\",\"potentialAction\":[{\"@type\":\"SearchAction\",\"target\":\"https:\/\/azor.com.co\/?s={search_term_string}\",\"query-input\":\"required name=search_term_string\"}],\"inLanguage\":\"es\"},{\"@type\":\"ImageObject\",\"@id\":\"http:\/\/azor.com.co\/index.php\/producto\/protector-guarda-uso-rudo\/#primaryimage\",\"inLanguage\":\"es\",\"url\":\"https:\/\/azor.com.co\/wp-content\/uploads\/2017\/12\/kinera_protector_guarda_uso_rudo_339_1-1.jpg\",\"width\":591,\"height\":591},{\"@type\":\"WebPage\",\"@id\":\"http:\/\/azor.com.co\/index.php\/producto\/protector-guarda-uso-rudo\/#webpage\",\"url\":\"http:\/\/azor.com.co\/index.php\/producto\/protector-guarda-uso-rudo\/\",\"name\":\"Protector Guarda Uso Rudo - Azor\",\"isPartOf\":{\"@id\":\"https:\/\/azor.com.co\/#website\"},\"primaryImageOfPage\":{\"@id\":\"http:\/\/azor.com.co\/index.php\/producto\/protector-guarda-uso-rudo\/#primaryimage\"},\"datePublished\":\"2017-12-06T22:46:52+00:00\",\"dateModified\":\"2020-05-09T20:14:38+00:00\",\"description\":\"Protector Guarda Kinera de Azor, reciclables, de uso rudo, con perforaciones para guardar en carpetas, 100% mexicanos, f\\u00e1cil inserci\\u00f3n de hojas, no da\\u00f1an\",\"inLanguage\":\"es\",\"potentialAction\":[{\"@type\":\"ReadAction\",\"target\":[\"http:\/\/azor.com.co\/index.php\/producto\/protector-guarda-uso-rudo\/\"]}]}]}<\/script>\n<!-- \/ Yoast SEO plugin. -->","jetpack_sharing_enabled":true,"_links":{"self":[{"href":"https:\/\/azor.com.co\/index.php\/wp-json\/wp\/v2\/product\/1361","targetHints":{"allow":["GET"]}}],"collection":[{"href":"https:\/\/azor.com.co\/index.php\/wp-json\/wp\/v2\/product"}],"about":[{"href":"https:\/\/azor.com.co\/index.php\/wp-json\/wp\/v2\/types\/product"}],"wp:featuredmedia":[{"embeddable":true,"href":"https:\/\/azor.com.co\/index.php\/wp-json\/wp\/v2\/media\/2818"}],"wp:attachment":[{"href":"https:\/\/azor.com.co\/index.php\/wp-json\/wp\/v2\/media?parent=1361"}],"curies":[{"name":"wp","href":"https:\/\/api.w.org\/{rel}","templated":true}]}}