{"id":1304,"date":"2017-12-06T13:14:55","date_gmt":"2017-12-06T19:14:55","guid":{"rendered":"http:\/\/azor.com.co\/?post_type=product&#038;p=1304"},"modified":"2020-05-09T14:01:36","modified_gmt":"2020-05-09T20:01:36","slug":"kinera-tarjetas-pre-cortadas-easy-print-azor","status":"publish","type":"product","link":"http:\/\/azor.com.co\/index.php\/producto\/kinera-tarjetas-pre-cortadas-easy-print-azor\/","title":{"rendered":"Tarjetas Pre-cortadas Easy Print"},"content":{"rendered":"<ul>\n<li class=\"p1\">Plantillas pre-cortadas de tarjetas de presentaci\u00f3n.<\/li>\n<li>Disponibles con textura: Opalina.<\/li>\n<li class=\"p1\">Para impresoras de inyecci\u00f3n de tinta o l\u00e1ser.<\/li>\n<li class=\"p1\">Ingresa a nuestra App\u00a0<a href=\"http:\/\/azor.com.co\/easyprint\/\">http:\/\/azor.com.co\/easyprint\/<\/a>\u00a0que te ayudar\u00e1 a dise\u00f1ar e imprimir tus tarjetas de presentaci\u00f3n y\/o de toda ocasi\u00f3n.<\/li>\n<\/ul>\n","protected":false},"excerpt":{"rendered":"<p style=\"text-align: center;\"><img loading=\"lazy\" decoding=\"async\" class=\"alignnone size-medium wp-image-1307\" src=\"http:\/\/azor.com.co\/wp-content\/uploads\/2017\/12\/kinera_plantillas_tarjetas_presentacion_easyprint_408_logotipo-300x170.jpg\" alt=\"\" width=\"300\" height=\"170\" srcset=\"http:\/\/azor.com.co\/wp-content\/uploads\/2017\/12\/kinera_plantillas_tarjetas_presentacion_easyprint_408_logotipo-300x170.jpg 300w, http:\/\/azor.com.co\/wp-content\/uploads\/2017\/12\/kinera_plantillas_tarjetas_presentacion_easyprint_408_logotipo.jpg 400w\" sizes=\"auto, (max-width: 300px) 100vw, 300px\" \/><\/p>","protected":false},"featured_media":1305,"template":"","meta":{"generate_page_header":"","spay_email":"","jetpack_publicize_message":""},"class_list":["post-1304","product","type-product","status-publish","has-post-thumbnail","hentry","product_cat-linea-kinera","product_cat-protectores-de-hojas","","woocommerce-text-align-center","woocommerce-image-align-center","wc-has-gallery"],"jetpack_publicize_connections":[],"yoast_head":"<!-- This site is optimized with the Yoast SEO plugin v14.9 - https:\/\/yoast.com\/wordpress\/plugins\/seo\/ -->\n<title>Kinera Easy Print tarjetas pre-cortadas - Grupo Azor M\u00e9xico<\/title>\n<meta name=\"description\" content=\"Plantillas de tarjetas Easy Print, para imprimir tarjetas de presentaci\u00f3n o toda ocasi\u00f3n, disponibles en 3 texturas diferentes, opalina, marm\u00f3l y terra\" \/>\n<meta name=\"robots\" content=\"index, follow, max-snippet:-1, max-image-preview:large, max-video-preview:-1\" \/>\n<link rel=\"canonical\" href=\"https:\/\/azor.com.co\/index.php\/producto\/kinera-tarjetas-pre-cortadas-easy-print-azor\/\" \/>\n<meta property=\"og:locale\" content=\"es_ES\" \/>\n<meta property=\"og:type\" content=\"article\" \/>\n<meta property=\"og:title\" content=\"Kinera Easy Print tarjetas pre-cortadas - Grupo Azor M\u00e9xico\" \/>\n<meta property=\"og:description\" content=\"Plantillas de tarjetas Easy Print, para imprimir tarjetas de presentaci\u00f3n o toda ocasi\u00f3n, disponibles en 3 texturas diferentes, opalina, marm\u00f3l y terra\" \/>\n<meta property=\"og:url\" content=\"https:\/\/azor.com.co\/index.php\/producto\/kinera-tarjetas-pre-cortadas-easy-print-azor\/\" \/>\n<meta property=\"og:site_name\" content=\"Azor\" \/>\n<meta property=\"article:modified_time\" content=\"2020-05-09T20:01:36+00:00\" \/>\n<meta property=\"og:image\" content=\"http:\/\/azor.com.co\/wp-content\/uploads\/2017\/12\/kinera_plantillas_tarjetas_presentacion_easyprint_408_1.jpg\" \/>\n\t<meta property=\"og:image:width\" content=\"591\" \/>\n\t<meta property=\"og:image:height\" content=\"591\" \/>\n<meta name=\"twitter:card\" content=\"summary\" \/>\n<script type=\"application\/ld+json\" class=\"yoast-schema-graph\">{\"@context\":\"https:\/\/schema.org\",\"@graph\":[{\"@type\":\"WebSite\",\"@id\":\"http:\/\/azor.com.co\/#website\",\"url\":\"http:\/\/azor.com.co\/\",\"name\":\"Azor\",\"description\":\"\",\"potentialAction\":[{\"@type\":\"SearchAction\",\"target\":\"http:\/\/azor.com.co\/?s={search_term_string}\",\"query-input\":\"required name=search_term_string\"}],\"inLanguage\":\"es\"},{\"@type\":\"ImageObject\",\"@id\":\"https:\/\/azor.com.co\/index.php\/producto\/kinera-tarjetas-pre-cortadas-easy-print-azor\/#primaryimage\",\"inLanguage\":\"es\",\"url\":\"http:\/\/azor.com.co\/wp-content\/uploads\/2017\/12\/kinera_plantillas_tarjetas_presentacion_easyprint_408_1.jpg\",\"width\":591,\"height\":591},{\"@type\":\"WebPage\",\"@id\":\"https:\/\/azor.com.co\/index.php\/producto\/kinera-tarjetas-pre-cortadas-easy-print-azor\/#webpage\",\"url\":\"https:\/\/azor.com.co\/index.php\/producto\/kinera-tarjetas-pre-cortadas-easy-print-azor\/\",\"name\":\"Kinera Easy Print tarjetas pre-cortadas - Grupo Azor M\\u00e9xico\",\"isPartOf\":{\"@id\":\"http:\/\/azor.com.co\/#website\"},\"primaryImageOfPage\":{\"@id\":\"https:\/\/azor.com.co\/index.php\/producto\/kinera-tarjetas-pre-cortadas-easy-print-azor\/#primaryimage\"},\"datePublished\":\"2017-12-06T19:14:55+00:00\",\"dateModified\":\"2020-05-09T20:01:36+00:00\",\"description\":\"Plantillas de tarjetas Easy Print, para imprimir tarjetas de presentaci\\u00f3n o toda ocasi\\u00f3n, disponibles en 3 texturas diferentes, opalina, marm\\u00f3l y terra\",\"inLanguage\":\"es\",\"potentialAction\":[{\"@type\":\"ReadAction\",\"target\":[\"https:\/\/azor.com.co\/index.php\/producto\/kinera-tarjetas-pre-cortadas-easy-print-azor\/\"]}]}]}<\/script>\n<!-- \/ Yoast SEO plugin. -->","jetpack_sharing_enabled":true,"_links":{"self":[{"href":"http:\/\/azor.com.co\/index.php\/wp-json\/wp\/v2\/product\/1304","targetHints":{"allow":["GET"]}}],"collection":[{"href":"http:\/\/azor.com.co\/index.php\/wp-json\/wp\/v2\/product"}],"about":[{"href":"http:\/\/azor.com.co\/index.php\/wp-json\/wp\/v2\/types\/product"}],"wp:featuredmedia":[{"embeddable":true,"href":"http:\/\/azor.com.co\/index.php\/wp-json\/wp\/v2\/media\/1305"}],"wp:attachment":[{"href":"http:\/\/azor.com.co\/index.php\/wp-json\/wp\/v2\/media?parent=1304"}],"curies":[{"name":"wp","href":"https:\/\/api.w.org\/{rel}","templated":true}]}}