{"id":63,"date":"2017-11-05T18:43:26","date_gmt":"2017-11-05T18:43:26","guid":{"rendered":"http:\/\/azor.com.co\/?page_id=63"},"modified":"2017-11-19T18:09:42","modified_gmt":"2017-11-20T00:09:42","slug":"aviso-de-privacidad","status":"publish","type":"page","link":"http:\/\/azor.com.co\/index.php\/aviso-de-privacidad\/","title":{"rendered":"Aviso de privacidad"},"content":{"rendered":"<div class=\"mp-row-fluid motopress-row mpce-dsbl-margin-left mpce-dsbl-margin-right\">\n<div class=\"motopress-clmn mp-span12  mpce-dsbl-margin-left mpce-dsbl-margin-right\">\n<div class=\"motopress-text-obj\">\n<p style=\"text-align: justify;\"><span style=\"color: #808080;\">Con fundamento en los art\u00edculos 15 y 16 de la <strong>Ley Federal de Protecci\u00f3n de Datos Personales en Posesi\u00f3n de Particulares, <\/strong>hacemos de su conocimiento que <strong>Grupo Azor M\u00e9xico SAPI de CV<\/strong> con domicilio en <strong>Poniente 128 No 745 Col Industrial Vallejo, Distrito Federal, M\u00e9xico 02300<\/strong> es responsable de recabar sus datos personales, del uso que se le d\u00e9 a los mismos y de su protecci\u00f3n.<\/span><\/p>\n<p style=\"text-align: justify;\"><span style=\"color: #808080;\"><strong>Medios para limitar el uso y divulgaci\u00f3n de los datos<\/strong><\/span><\/p>\n<p style=\"text-align: justify;\"><span style=\"color: #808080;\">Grupo Azor M\u00e9xico ofrece, para el tratamiento de sus datos personales, los procedimientos y dispositivos m\u00e1s seguros tanto administrativos como tecnol\u00f3gicos.<\/span><\/p>\n<p style=\"text-align: justify;\"><span style=\"color: #808080;\"><strong>Finalidad del tratamiento de los datos personales<\/strong><\/span><\/p>\n<p style=\"text-align: justify;\"><span style=\"color: #808080;\">Grupo Azor M\u00e9xico, utilizar\u00e1 su informaci\u00f3n personal para las siguientes finalidades: proveer los servicios y productos que ha solicitado; notificarle sobre nuevos productos que tengan relaci\u00f3n con los ya contratados o adquiridos; comunicarle sobre cambios en los mismos; elaborar estudios y programas que son necesarios para determinar h\u00e1bitos de consumo; realizar evaluaciones per\u00edodicas de nuestros productos y servicios a efecto de mejorar la calidad de los mismos: evaluar la calidad del servicio que brindamos; solicitar los productos o servicios que usted nos ofrece y en general, para dar cumplimiento a las obligaciones que hemos contra\u00eddo con usted.<\/span><\/p>\n<p style=\"text-align: justify;\"><span style=\"color: #808080;\"><strong>Transferencia de Datos Personales<\/strong><\/span><\/p>\n<p style=\"text-align: justify;\"><span style=\"color: #808080;\">Grupo Azor M\u00e9xico, no comparte su informaci\u00f3n personal con terceros, excepto con quien est\u00e9 debidamente contratado con cla\u00fasulas de confidencialidad de informaci\u00f3n y de protecci\u00f3n de datos personales para la investigaci\u00f3n comercial que sea necesaria para otorgar alguna l\u00ednea de cr\u00e9dito.<\/span><\/p>\n<p style=\"text-align: justify;\"><span style=\"color: #808080;\"><strong>Medios para ejercer los derechos de acceso, rectificaci\u00f3n, cancelaci\u00f3n u oposici\u00f3n<\/strong><\/span><\/p>\n<p style=\"text-align: justify;\"><span style=\"color: #808080;\">Los titulares de los datos personales, en posesi\u00f3n de Grupo Azor M\u00e9xico, podr\u00e1n ejercer en cualquier momento sus Derechos de Acceso, Rectificaci\u00f3n, Cancelaci\u00f3n u Oposici\u00f3n (ARCO) a trav\u00e9s del Departamento de Protecci\u00f3n de Datos Personales utilizando la direcci\u00f3n de correo electr\u00f3nico establecida para este fin:\u00a0 <a href=\"mailto:derechosarco@azor.com.mx\"><span style=\"color: #808080;\">derechosarco@azor.com.mx<\/span><\/a><\/span><\/p>\n<p style=\"text-align: justify;\"><span style=\"color: #808080;\"><strong>Cambios al Aviso de Privacidad<\/strong><\/span><\/p>\n<p style=\"text-align: justify;\"><span style=\"color: #808080;\">Grupo Azor M\u00e9xico, podr\u00e1 modificar o actualizar el presente Aviso de Privacidad en cualquier momento para la atenci\u00f3n, adecuaci\u00f3n y cumplimiento de las modificaciones legales que sean aplicables. En caso de realizar alguna modificaci\u00f3n, estar\u00e1 disponible en la p\u00e1gina de internet para su consulta.<\/span><\/p>\n<\/div>\n<\/div>\n<\/div>\n","protected":false},"excerpt":{"rendered":"Con fundamento en los art\u00edculos 15 y 16 de la Ley Federal de Protecci\u00f3n de Datos Personales en Posesi\u00f3n de Particulares, hacemos de su conocimiento que Grupo Azor M\u00e9xico SAPI de CV con domicilio en Poniente 128 No 745 Col Industrial Vallejo, Distrito Federal, M\u00e9xico 02300 es responsable de recabar sus datos personales, del uso &#8230; <a title=\"Aviso de privacidad\" class=\"read-more\" href=\"http:\/\/azor.com.co\/index.php\/aviso-de-privacidad\/\">Leer m\u00e1s<\/a>","protected":false},"author":10,"featured_media":0,"parent":0,"menu_order":0,"comment_status":"closed","ping_status":"closed","template":"","meta":{"generate_page_header":"","spay_email":"","footnotes":""},"class_list":["post-63","page","type-page","status-publish"],"yoast_head":"<!-- This site is optimized with the Yoast SEO plugin v14.9 - https:\/\/yoast.com\/wordpress\/plugins\/seo\/ -->\n<title>Aviso de privacidad - Azor<\/title>\n<meta name=\"robots\" content=\"index, follow, max-snippet:-1, max-image-preview:large, max-video-preview:-1\" \/>\n<link rel=\"canonical\" href=\"http:\/\/azor.com.co\/index.php\/aviso-de-privacidad\/\" \/>\n<meta property=\"og:locale\" content=\"es_ES\" \/>\n<meta property=\"og:type\" content=\"article\" \/>\n<meta property=\"og:title\" content=\"Aviso de privacidad - Azor\" \/>\n<meta property=\"og:description\" content=\"Con fundamento en los art\u00edculos 15 y 16 de la Ley Federal de Protecci\u00f3n de Datos Personales en Posesi\u00f3n de Particulares, hacemos de su conocimiento que Grupo Azor M\u00e9xico SAPI de CV con domicilio en Poniente 128 No 745 Col Industrial Vallejo, Distrito Federal, M\u00e9xico 02300 es responsable de recabar sus datos personales, del uso ... Leer m\u00e1s\" \/>\n<meta property=\"og:url\" content=\"http:\/\/azor.com.co\/index.php\/aviso-de-privacidad\/\" \/>\n<meta property=\"og:site_name\" content=\"Azor\" \/>\n<meta property=\"article:modified_time\" content=\"2017-11-20T00:09:42+00:00\" \/>\n<meta name=\"twitter:card\" content=\"summary\" \/>\n<script type=\"application\/ld+json\" class=\"yoast-schema-graph\">{\"@context\":\"https:\/\/schema.org\",\"@graph\":[{\"@type\":\"WebSite\",\"@id\":\"http:\/\/azor.com.co\/#website\",\"url\":\"http:\/\/azor.com.co\/\",\"name\":\"Azor\",\"description\":\"\",\"potentialAction\":[{\"@type\":\"SearchAction\",\"target\":\"http:\/\/azor.com.co\/?s={search_term_string}\",\"query-input\":\"required name=search_term_string\"}],\"inLanguage\":\"es\"},{\"@type\":\"WebPage\",\"@id\":\"http:\/\/azor.com.co\/index.php\/aviso-de-privacidad\/#webpage\",\"url\":\"http:\/\/azor.com.co\/index.php\/aviso-de-privacidad\/\",\"name\":\"Aviso de privacidad - Azor\",\"isPartOf\":{\"@id\":\"http:\/\/azor.com.co\/#website\"},\"datePublished\":\"2017-11-05T18:43:26+00:00\",\"dateModified\":\"2017-11-20T00:09:42+00:00\",\"inLanguage\":\"es\",\"potentialAction\":[{\"@type\":\"ReadAction\",\"target\":[\"http:\/\/azor.com.co\/index.php\/aviso-de-privacidad\/\"]}]}]}<\/script>\n<!-- \/ Yoast SEO plugin. -->","jetpack_sharing_enabled":true,"jetpack_shortlink":"https:\/\/wp.me\/P9x4YW-11","_links":{"self":[{"href":"http:\/\/azor.com.co\/index.php\/wp-json\/wp\/v2\/pages\/63","targetHints":{"allow":["GET"]}}],"collection":[{"href":"http:\/\/azor.com.co\/index.php\/wp-json\/wp\/v2\/pages"}],"about":[{"href":"http:\/\/azor.com.co\/index.php\/wp-json\/wp\/v2\/types\/page"}],"author":[{"embeddable":true,"href":"http:\/\/azor.com.co\/index.php\/wp-json\/wp\/v2\/users\/10"}],"replies":[{"embeddable":true,"href":"http:\/\/azor.com.co\/index.php\/wp-json\/wp\/v2\/comments?post=63"}],"version-history":[{"count":3,"href":"http:\/\/azor.com.co\/index.php\/wp-json\/wp\/v2\/pages\/63\/revisions"}],"predecessor-version":[{"id":418,"href":"http:\/\/azor.com.co\/index.php\/wp-json\/wp\/v2\/pages\/63\/revisions\/418"}],"wp:attachment":[{"href":"http:\/\/azor.com.co\/index.php\/wp-json\/wp\/v2\/media?parent=63"}],"curies":[{"name":"wp","href":"https:\/\/api.w.org\/{rel}","templated":true}]}}